133 a multiple of 107?
True
Is 1210750 a multiple of 167?
True
Does 137 divide 2603?
True
Is 569758 a multiple of 57?
False
Is 9 a factor of 240894?
True
Is 115 a factor of 9408725?
True
Is 86959 a multiple of 37?
False
Does 44 divide 809977?
False
Is 946781 a multiple of 86?
False
Is 2 a factor of 23359?
False
Is 102 a factor of 4346118?
True
Is 369 a factor of 594090?
True
Is 1017 a factor of 8223788?
False
Is 5785175 a multiple of 193?
True
Does 66 divide 1243506?
True
Is 224448 a multiple of 54?
False
Is 1227685 a multiple of 19?
True
Does 2 divide 2837955?
False
Is 673842 a multiple of 106?
True
Does 11 divide 288321?
True
Is 240907 a multiple of 943?
False
Is 101981 a multiple of 11?
True
Does 372 divide 280910?
False
Is 504205 a multiple of 14?
False
Does 30 divide 1012652?
False
Is 26565 a multiple of 41?
False
Is 562 a factor of 2822?
False
Is 39930 a multiple of 101?
False
Does 28 divide 16296?
True
Is 51 a factor of 724621?
False
Does 5 divide 4666150?
True
Is 768870 a multiple of 15?
True
Does 32 divide 261376?
True
Is 3077568 a multiple of 624?
True
Does 651 divide 4240614?
True
Is 10288485 a multiple of 765?
True
Is 19922 a multiple of 7?
True
Does 7 divide 20199488?
False
Is 55 a factor of 2078780?
True
Does 12 divide 15989757?
False
Is 12337137 a multiple of 863?
False
Is 15405854 a multiple of 361?
False
Does 11 divide 365227?
False
Is 6156139 a multiple of 43?
False
Is 298 a factor of 292934?
True
Is 432 a factor of 7449?
False
Does 120 divide 210360?
True
Is 61 a factor of 1228174?
True
Is 36 a factor of 11449394?
False
Is 201 a factor of 3325055?
False
Does 53 divide 94287?
True
Does 243 divide 25029?
True
Is 77636 a multiple of 52?
True
Does 10 divide 40630?
True
Is 125 a factor of 235500?
True
Does 21 divide 301955?
False
Does 52 divide 47129?
False
Does 2 divide 79773?
False
Is 25288725 a multiple of 525?
True
Is 50491 a multiple of 123?
False
Is 86 a factor of 299968?
True
Does 17 divide 510485?
False
Does 52 divide 8944?
True
Is 35 a factor of 295648?
False
Does 325 divide 80604?
False
Is 11 a factor of 2424099?
False
Is 15 a factor of 6226560?
True
Is 388554 a multiple of 31?
True
Is 619020 a multiple of 19?
True
Does 2 divide 101984?
True
Does 17 divide 14875?
True
Is 14 a factor of 1964769?
False
Is 935 a factor of 1011670?
True
Is 7080 a multiple of 5?
True
Is 31 a factor of 418934?
True
Is 562878 a multiple of 9?
True
Is 6040549 a multiple of 25?
False
Is 53051 a multiple of 18?
False
Is 124985 a multiple of 21?
False
Is 48620 a multiple of 130?
True
Is 1392972 a multiple of 84?
True
Does 197 divide 1257254?
True
Is 230 a factor of 493065?
False
Does 44 divide 583924?
True
Is 1358532 a multiple of 1797?
True
Is 70 a factor of 27840750?
True
Does 1369 divide 6059194?
True
Does 43 divide 807798?
True
Is 148176 a multiple of 126?
True
Is 39 a factor of 77454?
True
Is 50386 a multiple of 8?
False
Is 3216 a multiple of 48?
True
Is 102584 a multiple of 28?
False
Is 219 a factor of 487412?
False
Does 32 divide 414543?
False
Is 238 a factor of 935340?
True
Is 155 a factor of 89170?
False
Does 8 divide 276128?
True
Does 13 divide 147799?
False
Is 144240 a multiple of 40?
True
Is 21 a factor of 11689818?
True
Is 70 a factor of 192773?
False
Is 287055 a multiple of 4?
False
Does 482 divide 519926?
False
Is 122 a factor of 11462754?
True
Is 14 a factor of 286496?
True
Is 24275 a multiple of 33?
False
Is 909075 a multiple of 51?
True
Does 11 divide 6863487?
False
Is 7640 a multiple of 382?
True
Is 239719 a multiple of 57?
False
Does 27 divide 321759?
True
Is 71730 a multiple of 2?
True
Is 40368 a multiple of 8?
True
Is 84381 a multiple of 33?
True
Does 404 divide 127664?
True
Is 167 a factor of 2397505?
False
Is 19200 a multiple of 50?
True
Is 3664492 a multiple of 26?
True
Does 508 divide 3375152?
True
Is 145533 a multiple of 9?
False
Does 21 divide 157920?
True
Is 158598 a multiple of 175?
False
Does 4 divide 7063?
False
Does 6 divide 500735?
False
Is 19548405 a multiple of 1335?
True
Does 1038 divide 1915110?
True
Does 9 divide 29574?
True
Is 369 a factor of 2907110?
False
Is 6 a factor of 90476?
False
Is 178 a factor of 359738?
True
Is 41042511 a multiple of 23?
True
Is 15 a factor of 3033120?
True
Is 1456261 a multiple of 416?
False
Is 2693874 a multiple of 771?
True
Is 279 a factor of 16232970?
False
Does 4 divide 11388?
True
Does 52 divide 1450386?
False
Is 21015 a multiple of 5?
True
Does 18 divide 33606?
True
Does 21 divide 81270?
True
Is 4773432 a multiple of 824?
True
Is 366486 a multiple of 4?
False
Is 129063 a multiple of 33?
True
Is 363 a factor of 83853?
True
Is 7890678 a multiple of 558?
True
Is 12 a factor of 194981?
False
Is 46 a factor of 55893?
False
Does 12 divide 100372?
False
Is 1579830 a multiple of 1633?
False
Does 53 divide 332628?
True
Is 34762 a multiple of 7?
True
Does 1525 divide 7708635?
False
Is 22 a factor of 7826?
False
Does 551 divide 3881795?
True
Is 4463784 a multiple of 9?
True
Is 81648 a multiple of 126?
True
Is 13 a factor of 14774478?
False
Is 167695 a multiple of 58?
False
Is 104 a factor of 510669?
False
Does 73 divide 110933?
False
Is 9 a factor of 414181?
False
Is 2491740 a multiple of 10?
True
Is 1251900 a multiple of 20?
True
Is 106 a factor of 4305084?
True
Is 1103312 a multiple of 149?
False
Is 9 a factor of 3804329?
False
Is 13 a factor of 2538419?
True
Is 19 a factor of 2598303?
False
Is 445 a factor of 26160878?
False
Is 853543 even?
False
Is 8 a factor of 92256?
True
Does 22 divide 4327868?
False
Is 138624 a multiple of 24?
True
Does 9 divide 1005417?
True
Is 418787 a multiple of 111?
False
Is 8113284 a multiple of 1423?
False
Is 7423402 a multiple of 49?
True
Is 11 a factor of 12940684?
False
Does 4 divide 5139588?
True
Is 907 a factor of 737391?
True
Does 62 divide 266915?
False
Is 277 a factor of 112124?
False
Does 13 divide 1763827?
True
Is 27771462 a multiple of 1437?
True
Is 1467000 a multiple of 200?
True
Is 737 a factor of 756560?
False
Is 3264492 a multiple of 21?
True
Is 86187 a multiple of 8?
False
Is 12 a factor of 326604?
True
Does 30 divide 1300190?
False
Is 98562 a multiple of 41?
False
Is 20 a factor of 23993444?
False
Is 170 a factor of 200377?
False
Does 4 divide 1206265?
False
Is 14 a factor of 1461939?
False
Is 716 a factor of 2018404?
True
Is 18 a factor of 6442956?
True
Does 39 divide 533598?
True
Does 10 divide 3186942?
False
Does 33 divide 152287?
False
Does 476 divide 74455?
False
Does 11 divide 49961?
False
Is 150 a factor of 97200?
True
Is 21 a factor of 355257?
True
Is 345238 a multiple of 539?
False
Is 806517 a multiple of 309?
False
Is 37246 a multiple of 96?
False
Is 11 a factor of 743320?
False
Does 207 divide 70587?
True
Is 106649 a multiple of 50?
False
Is 6426 a multiple of 54?
True
Is 3 a factor of 232572?
True
Is 71 a factor of 184032?
True
Does 84 divide 88724?
False
Is 1070367 a multiple of 17?
False
Does 54 divide 464562?
True
Is 2169730 a multiple of 386?
False
Is 111 a factor of 156732?
True
Is 25 a factor of 33758?
False
Is 2 a factor of 129103?
False
Is 26 a factor of 164970?
True
Is 2 a factor of 297245?
False
Is 2395953 a multiple of 34?
False
Does 213 divide 94204?
False
Does 53 divide 4196116?
True
Is 9926 a multiple of 38?
False
Is 12 a factor of 804?
True
Does 253 divide 4148441?
True
Is 834570 a multiple of 990?
True
Is 281 a factor of 503386?
False
Is 10 a factor of 501680?
True
Does 5 divide 35010?
True
Is 498 a factor of 2308782?
False
Is 737 a factor of 15720691?
False
Does 58 divide 284619?
False
Does 9 divide 63869?
False
Is 91 a factor of 428337?
True
Is 365 a factor of 1482995?
True
Is 252948 a multiple of 321?
True
Does 8 divide 119683?
False
Does 142 divide 123370?
False
Is 93 a factor of 39568?
False
Does 16 divide 180707?
False
Does 18 divide 2291501?
False
Does 38 divide 415640?
False
Is 750 a factor of 515250?
True
Is 22463960 a multiple of 291?
False
Is 410699 a multiple of 45?
False
Is 75 a factor of 3760500?
True
Does 251 divide 7483565?
True
Is 1563897 a multiple of 69?
False
Is 7 a factor of 2500162?
True
Is 159 a factor of 254204?
False
Does 19 divide 282245?
True
Is 4400760 a multiple of 56?
True
Does 128 divide 1368704?
True
Does 12 divide 15229133?
False
Does 111 divide 16285?
False
Is 5548584 a m